ase 4) in base 11?
-13
What is -14 (base 16) in base 5?
-40
Convert 145 (base 6) to base 8.
101
6 (base 13) to base 5
11
What is a (base 11) in base 9?
11
-31 (base 6) to base 15
-14
4 (base 8) to base 16
4
Convert -13 (base 4) to base 7.
-10
2 (base 9) to base 6
2
Convert -3 (base 9) to base 2.
-11
31 (base 4) to base 16
d
-4 (base 14) to base 15
-4
Convert 0 (base 6) to base 16.
0
Convert -c (base 14) to base 13.
-c
Convert 0 (base 10) to base 8.
0
What is -14 (base 7) in base 13?
-b
Convert -15 (base 8) to base 4.
-31
Convert -13 (base 8) to base 15.
-b
What is 0 (base 5) in base 14?
0
What is -5 (base 9) in base 15?
-5
What is e1 (base 16) in base 10?
225
What is -2 (base 12) in base 5?
-2
What is 10 (base 5) in base 14?
5
-72 (base 9) to base 11
-5a
What is -2133 (base 4) in base 7?
-315
-4 (base 10) to base 6
-4
Convert 2 (base 15) to base 6.
2
21 (base 3) to base 14
7
Convert -65 (base 11) to base 4.
-1013
-100 (base 2) to base 14
-4
What is -17 (base 11) in base 4?
-102
Convert -23 (base 9) to base 8.
-25
Convert 7 (base 14) to base 10.
7
What is 104 (base 5) in base 4?
131
-3 (base 5) to base 4
-3
What is 3 (base 4) in base 12?
3
Convert -12 (base 7) to base 8.
-11
4 (base 13) to base 6
4
What is 78 (base 14) in base 4?
1222
What is 352 (base 7) in base 3?
20211
What is 210 (base 5) in base 2?
110111
-5 (base 14) to base 11
-5
Convert -6 (base 8) to base 2.
-110
What is 123 (base 9) in base 2?
1100110
4 (base 12) to base 3
11
-10 (base 5) to base 8
-5
-4 (base 15) to base 3
-11
Convert 1101 (base 4) to base 13.
63
-5 (base 14) to base 6
-5
What is 0 (base 5) in base 4?
0
Convert 12 (base 8) to base 7.
13
What is 42 (base 13) in base 5?
204
Convert -104 (base 8) to base 4.
-1010
Convert -55 (base 9) to base 11.
-46
7 (base 8) to base 9
7
Convert 2 (base 10) to base 12.
2
What is 10 (base 3) in base 5?
3
f8 (base 16) to base 13
161
-1 (base 3) to base 7
-1
Convert -d (base 15) to base 5.
-23
Convert 21 (base 4) to base 7.
12
3010 (base 4) to base 11
169
Convert -11 (base 2) to base 15.
-3
What is 110 (base 2) in base 5?
11
-75 (base 12) to base 15
-5e
Convert -89 (base 12) to base 8.
-151
Convert 11 (base 10) to base 2.
1011
What is -1 (base 6) in base 7?
-1
1 (base 9) to base 3
1
7 (base 9) to base 15
7
What is 3 (base 6) in base 11?
3
Convert 132 (base 7) to base 12.
60
Convert 214 (base 11) to base 6.
1105
12 (base 5) to base 10
7
What is 4 (base 11) in base 6?
4
What is -3 (base 12) in base 10?
-3
100222 (base 3) to base 9
328
135 (base 6) to base 12
4b
Convert 12 (base 8) to base 2.
1010
-230 (base 5) to base 7
-122
Convert -16 (base 12) to base 10.
-18
What is d2 (base 15) in base 10?
197
What is -4 (base 11) in base 7?
-4
What is -18 (base 15) in base 8?
-27
What is 0 (base 6) in base 12?
0
-104 (base 7) to base 6
-125
What is -1 (base 12) in base 3?
-1
Convert -2 (base 11) to base 14.
-2
Convert -a (base 15) to base 5.
-20
What is -3 (base 16) in base 4?
-3
What is -13 (base 4) in base 2?
-111
What is -35 (base 8) in base 6?
-45
-2400 (base 5) to base 9
-428
110210 (base 3) to base 10
345
1 (base 10) to base 5
1
Convert -10 (base 16) to base 3.
-121
What is 6 (base 9) in base 12?
6
Convert 43 (base 8) to base 14.
27
3 (base 6) to base 9
3
What is 331 (base 5) in base 14?
67
Convert -13 (base 6) to base 13.
-9
Convert -10111000 (base 2) to base 5.
-1214
Convert -52 (base 8) to base 3.
-1120
1 (base 15) to base 7
1
Convert -24 (base 11) to base 14.
-1c
What is 0 (base 6) in base 2?
0
-2 (base 12) to base 8
-2
Convert -27 (base 11) to base 13.
-23
-3 (base 11) to base 10
-3
Convert 401 (base 5) to base 14.
73
Convert 1 (base 10) to base 5.
1
-5 (base 13) to base 15
-5
What is 442 (base 6) in base 7?
332
2 (base 13) to base 7
2
Convert 1 (base 8) to base 6.
1
112 (base 3) to base 5
24
Convert -5 (base 9) to base 8.
-5
Convert 112222 (base 3) to base 7.
1115
What is 35 (base 8) in base 9?
32
1 (base 3) to base 16
1
170 (base 12) to base 4
3210
Convert -3 (base 13) to base 5.
-3
What is 7 (base 16) in base 11?
7
What is 0 (base 6) in base 13?
0
Convert 100 (base 9) to base 13.
63
What is 0 (base 7) in base 6?
0
What is 10 (base 2) in base 10?
2
Convert 120 (base 10) to base 4.
1320
25 (base 6) to base 5
32
Convert 78 (base 9) to base 12.
5b
185 (base 11) to base 4
3112
Convert 4 (base 6) to base 7.
4
What is 4 (base 6) in base 16?
4
What is -60 (base 11) in base 13?
-51
Convert -1 (base 2) to base 16.
-1
2c (base 15) to base 4
222
-106 (base 9) to base 7
-153
Convert -1 (base 5) to base 2.
-1
What is -ab (base 16) in base 14?
-c3
3 (base 14) to base 4
3
2 (base 15) to base 13
2
Convert -3 (base 8) to base 12.
-3
What is -1 (base 12) in base 8?
-1
-1201 (base 3) to base 14
-34
13 (base 15) to base 13
15
-30 (base 5) to base 8
-17
-2 (base 7) to base 10
-2
-75 (base 12) to base 11
-81
Convert 4 (base 5) to base 2.
100
Convert -5 (base 14) to base 13.
-5
3 (base 8) to base 2
11
Convert -7 (base 11) to base 2.
-111
What is -141 (base 9) in base 14?
-86
What is 39 (base 14) in base 3?
1220
10110000 (base 2) to base 12
128
Convert 32 (base 5) to base 3.
122
Convert -3 (base 5) to base 12.
-3
Convert -27 (base 9) to base 11.
-23
Convert 13 (base 6) to base 11.
9
111110 (base 2) to base 16
3e
What is -1011 (base 2) in base 3?
-102
111001 (base 3) to base 9
431
Convert 43 (base 9) to base 11.
36
What is 1001 (base 2) in base 13?
9
-155 (base 6) to base 5
-241
What is -100 (base 2) in base 13?
-4
Convert -2130 (base 4) to base 14.
-b2
11 (base 16) to base 9
18
36 (base 7) to base 13
21
Convert -2 (base 12) to base 13.
-2
What is 10 (base 10) in base 3?
101
10 (base 16) to base 13
13
Convert -132 (base 9) to base 14.
-7c
2 (base 8) to base 3
2
What is 10 (base 13) in base 12?
11
What is -42 (base 9) in base 12?
-32
0 (base 5) to base 16
0
Convert 31 (base 4) to base 16.
d
-25 (base 12) to base 2
-11101
What is -a (base 12) in base 15?
-a
What is -57 (base 15) in base 10?
-82
What is 2 (base 11) in base 16?
2
-4 (base 12) to base 6
-4
3 (base 13) to base 10
3
What is 20 (base 3) in base 8?
6
What is 22 (base 15) in base 10?
32
What is -16 (base 7) in base 14?
-d
-20a (base 11) to base 6
-1100
Convert 1 (base 4) to base 10.
1
Convert -b (base 15) to base 8.
-13
11 (base 4) to base 10
5
Convert -2 (base 7) to base 6.
-2
-1430 (base 5) to base 3
-22220
Convert -77 (base 9) to base 13.
-55
Convert -4 (base 8) to base 14.
-4
Convert -12 (base 12) to base 11.
-13
-11 (base 7) to base 8
-10
What is 1123 (base 4) in base 14?
67
143 (base 5) to base 9
53
What is -2 (base 13) in base 10?
-2
What is 2 (base 6) in base 10?
2
What is 2 (base 9) in base 15?
2
What is 0 (base 9) in base 10?
0
502 (base 6) to base 3
20202
Convert -8 (base 11) to base 12.
-8
Convert -b0 (base 13) to base 16.
-8f
Convert -22 (base 7) to base 3.
-121
ac (base 13) to base 11
11a
Convert 4 (base 9) to base 11.
4
What is -11003 (base 4) in base 16?
-143
Convert 5 (base 15) to base 11.
5
-11 (base 6) to base 12
-7
What is -1000 (base 2) in base 9?
-8
-2 (base 15) to base 3
-2
What is -5 (base 7) in base 8?
-5
What is -1 (base 5) in base 9?
-1
Convert 4 (base 16) to base 4.
10
Convert -2 (base 3) to base 5.
-2
Convert -a7 (base 14) to base 11.
-124
Convert -5 (base 13) to base 2.
-101
What is -11011 (base 2) in base 4?
-123
Convert 1 (base 16) to base 14.
1
What is -4 (base 14) in base 9?
-4
What is 12 (base 9) in base 16?
b
-11 (base 5) to base 13
-6
What is 11 (base 13) in base 8?
16
What is 15 (base 14) in base 13?
16
Convert e8 (base 15) to base 4.
3122
What is 8 (base 15) in base 4?
20
What is 21a (base 14) in base 5?
3131
Convert -3 (base 13) to base 14.
-3
Convert -4 (base 16) to base 13.
-4
What is -48 (base 10) in base 15?
-33
What is 0 (base 12) in base 13?
0
Convert 41 (base 10) to base 15.
2b
What is 1 (base 5) in base 14?
1
-8 (base 15) to base 14
-8
13 (base 4) to base 11
7
What is 0 (base 7) in base 6?
0
What is 212 (base 8) in base 16?
8a
-c (base 15) to base 13
-c
Convert -1000 (base 3) to base 14.
-1d
145 (base 6) to base 7
122
What is 31 (base 14) in base 6?
111
Convert -f7 (base 16) to base 15.
-117
What is 11 (base 13) in base 10?
14
Convert 12 (base 7) to base 2.
1001
1200 (base 3) to base 9
50
Convert 6a (base 11) to base 16.
4c
Convert 4 (base 12) to base 9.